4*c + 4*x + 79. Calculate the remainder when u is divided by c.
20
Suppose b - 3*a = 16, -2*b + 4*a + 21 = -13. Calculate the remainder when 75 is divided by b.
18
Suppose -l + 0*l + 29 = 0. Calculate the remainder when l is divided by ((-8)/6 - 4)*(-3)/2.
5
Let c = -21 + 34. What is the remainder when c is divided by 7?
6
Suppose 0 = 4*s + 12, 0 = -4*x - s - 0*s - 115. Let d = x - -46. What is the remainder when 34 is divided by d?
16
Let j = 57 + -7. Let h = -36 + j. What is the remainder when 26 is divided by h?
12
Suppose 4*c + 3*r = 76, -5*r = -9*r. What is the remainder when 75 is divided by c?
18
Let y(l) = -l**3 - 5*l**2 - 2*l + 5. What is the remainder when 59 is divided by y(-5)?
14
Let l = 99 + -60. Suppose 3*g + 6*a - 3*a = 54, -2*a + 76 = 4*g. What is the remainder when l is divided by g?
19
Let u be (30/25)/((-1)/5). Let s = u + 12. Suppose -2*n + s*n - 12 = 0. What is the remainder when 5 is divided by n?
2
Let d(w) = w + 1. Let z be d(6). Suppose 8*o - z*o = 3. What is the remainder when 13 is divided by o?
1
Let u = -23 + 26. Suppose 14 = -2*i - s + 55, i - u = 3*s. Calculate the remainder when 51 is divided by i.
15
Suppose -2*m + 133 = 5*m. Let f(u) = -u**3 + 5*u**2 - 5*u + 4. Calculate the remainder when m is divided by f(3).
5
Let o(j) = j**2 - 9*j + 12. Let i be o(8). Suppose -i*a = 5*l - 341, l + 2*a = -3*a + 85. Calculate the remainder when l is divided by 17.
14
Let b be (-1 + 2)/(1/2). Calculate the remainder when 14 is divided by -2 + b + 2 + 2.
2
Let v(k) = -3 + 20*k - 1 + 3. What is the remainder when v(4) is divided by 27?
25
Let y be ((-8)/(-3))/(2/3). Suppose 0 = i - 0*i - y. Let v(r) = -2*r - 3. Calculate the remainder when i is divided by v(-3).
1
Suppose 4*j - 36 = -5*s, 0 = 6*s - s - 5*j. Suppose -m + 10 = -f, 2*m - 25 = -m + s*f. What is the remainder when 58 is divided by m?
13
Let q(k) = 4*k**3 - k + 1. What is the remainder when q(2) is divided by 11?
9
Let i(k) = 2*k**2 - 2*k - 3. Let r = -12 - -22. Suppose -3*g + r + 23 = 0. What is the remainder when i(-3) is divided by g?
10
Let w = 103 - 89. What is the remainder when 66 is divided by w?
10
Let f = 33 + -22. Calculate the remainder when f is divided by 8.
3
Suppose -4 + 24 = 5*g. Suppose 4*l = 2*j + 16, -l + 10 + 5 = 5*j. Calculate the remainder when g is divided by j.
0
Let f = 126 - 84. Let y = -30 + f. Calculate the remainder when 33 is divided by y.
9
Let i(m) be the first derivative of m**3 + m**2/2 + m - 1. Calculate the remainder when 42 is divided by i(-2).
9
Let j(k) = k**2 + 4*k - 2. Let h(v) = v - 6. What is the remainder when j(-7) is divided by h(11)?
4
Let r(l) = -l**3 - 7*l**2 - 7*l - 4. Let g be r(-6). Suppose -p + 41 - 16 = 2*z, 32 = g*p - 2*z. Calculate the remainder when p is divided by 7.
5
Let y(r) = r**2 + 4*r + 1. Calculate the remainder when 245 is divided by y(-6).
11
Let z(q) = 21*q - 15. What is the remainder when z(3) is divided by 9?
3
Let v = 38 - -50. Suppose -3*o = -2*h + 21, 3*h + 28 = -5*o + v. Calculate the remainder when h is divided by 4.
3
Suppose 5*x = 3*i + 2 - 0, 0 = -3*x - i - 10. Let u = 1 - x. Calculate the remainder when 7 is divided by u.
1
Let a(x) = -2*x**3 - 5*x**2 - 7*x - 5. What is the remainder when 31 is divided by a(-2)?
1
Let x = 13 - -30. Calculate the remainder when 171 is divided by x.
42
Suppose -7*u + 6*u = -184. What is the remainder when u is divided by 47?
43
Let c be 1 + -1*(2 + -1). Let q(h) = -h**2 + 5*h - 2. What is the remainder when c + (5 - 2) + -1 is divided by q(4)?
0
Suppose 3*r = 11*r - 32. Calculate the remainder when 26 is divided by r.
2
Suppose -2*o = 2*o + 96. Let x be (-33)/7 + (-4)/14. Let m = x - o. Calculate the remainder when 36 is divided by m.
17
Suppose -s - 2*s + 4*d = -35, -10 = 2*s + 4*d. Suppose 2*p + s = 69. Suppose 4*l = x - 3, l + 4*l = x - 1. Calculate the remainder when p is divided by x.
10
Let a = 3 - 15. Let c(h) = -6*h - 13. Calculate the remainder when c(a) is divided by 12.
11
Suppose 0 = -y - 3*o, 4*o + 19 - 3 = 0. What is the remainder when 69/3 - (1 - 0) is divided by y?
10
Suppose g = 2*n - 4*g - 57, -5*n = -4*g - 168. Suppose 71 + 24 = 5*z. Calculate the remainder when n is divided by z.
17
Let c(a) = -a**2 - 15 + 4*a + 9 + 7*a. Suppose 0*p + 5*p - 55 = 3*z, 5*p = -5*z + 15. What is the remainder when c(p) is divided by 10?
8
What is the remainder when (4 + (-39)/9)/((-7)/483) is divided by 20?
3
Suppose -3971 + 1331 = -4*k. Suppose -v + 151 - 19 = 2*r, 3*r = -5*v + k. Suppose 0*o = -4*o + v. What is the remainder when o is divided by 9?
6
Let h(y) = -y**2 - 13*y - 2. Let x be h(-13). What is the remainder when x/(((-3)/(-41))/(-3)) is divided by 28?
26
Let c(f) = 2*f**3 + f**2 - 5*f + 7. What is the remainder when 107 is divided by c(3)?
52
Let v(t) = t**2 - 1. Calculate the remainder when 10 is divided by v(2).
1
Let f = 6 - 6. Suppose -r - 130 = -6*r - 5*a, f = -3*a - 6. What is the remainder when r is divided by 15?
13
Let r(g) = g**3 - 6*g**2 - 8*g + 29. Suppose -2*s + 40 = -46. What is the remainder when s is divided by r(7)?
21
Suppose 5*x - 284 = 111. Calculate the remainder when x is divided by 27.
25
Suppose -4*j - 6 = 3*f - 2*j, -2*f - 4*j - 12 = 0. Let v = -47 + 90. What is the remainder when v is divided by f - (-15 - (0 + 0))?
13
Let j(t) = 8*t**2 - 2*t - 4. Calculate the remainder when 20 is divided by j(-1).
2
Let m = 26 + -13. Let w be 2 + 1 + 1 + 0. What is the remainder when m is divided by -5*(-3 + (w - 2))?
3
Suppose 5*c + 2 = 97. What is the remainder when 55 is divided by c?
17
Let m = -181 + 76. Calculate the remainder when 45 is divided by (-3)/(m/48 + 2).
13
Let s = -23 - -19. Let c = s - -7. What is the remainder when c is divided by 1?
0
Suppose -4*n = -8*n + 104. Suppose -w = 3*v - 27, 4*v + 4*w - 42 = -6. Calculate the remainder when n is divided by v.
8
Suppose 30 = -7*b + 2*b. What is the remainder when -27*b/9 - -1 is divided by 7?
5
Suppose 4*q + 19 - 237 = -k, q = -3*k + 60. Let v(x) = 20*x**2 + 2*x + 1. Calculate the remainder when q is divided by v(-1).
16
Let n = -10 - -16. Let y(u) = 5*u + u**2 + u - 5*u - n*u**3. Calculate the remainder when y(-2) is divided by 17.
16
Suppose 3*h - 48 = -3*z, 3*h + 5*z - 3*z = 47. Let l = -15 + 57. What is the remainder when l is divided by h?
12
Suppose 0 = -a - 3*a. Let y = 14 - a. Calculate the remainder when 26 is divided by y.
12
Suppose -2*a + 5 = 3. Suppose m = -0*m + a. Suppose -4*k + 5*b = 11, 3*k + 2*b = 1 + 8. Calculate the remainder when k is divided by m.
0
What is the remainder when (-4)/18 - (-6384)/54 is divided by 12?
10
Suppose -3*o - 6 = -24. Let g = o - 6. Suppose g*t + 4*k = -t + 18, 4*t - 61 = -5*k. What is the remainder when 41 is divided by t?
13
Suppose -1 = -3*w + 11. Suppose 0 = w*r + 4*y + 52, 0*r - r - 7 = -y. Calculate the remainder when 4/r - 182/(-5) is divided by 13.
10
Let u = 36 - 10. Let i = 27 - -24. What is the remainder when i is divided by u?
25
Suppose 3*i + 0*i - 27 = 0. What is the remainder when (-32)/(-12)*3*2 is divided by i?
7
Let h(d) = 9*d**2 - 2*d + 1. Let c be h(1). Suppose 10*b = 7*b + 57. What is the remainder when b is divided by ((-5)/(-4))/(2/c)?
4
Let x be 3 + 6/(-3) - -4. Suppose -m + x*b = -43, 2*m + 3*b = 109 - 23. Calculate the remainder when m is divided by 11.
10
Let x = -26 - -26. Suppose x*u - 5*u = 4*c - 26, u = 3*c - 10. What is the remainder when u is divided by 1?
0
Let h(u) = -4*u + 5 - 5 + 2*u - 9. What is the remainder when h(-8) is divided by 3?
1
Let p(m) = -m + 18. Let l be p(14). Suppose d - l*r - 9 = 0, -4*d + 24 = -5*r - 23. Calculate the remainder when 38 is divided by d.
12
Let m(v) = -4 + 7*v + v**3 + 2*v**2 + 5*v - v + 11*v**2. What is the remainder when m(-12) is divided by 5?
3
Suppose -15 = 54*t - 55*t. What is the remainder when t is divided by 9?
6
What is the remainder when 4 + -7 + 10/(-4)*-10 is divided by 5?
2
Let y be (1 + 1)*(0 + 1). Calculate the remainder when ((-1)/y)/((-13)/468) is divided by 7.
4
Let y = 55 + -42. What is the remainder when 25 is divided by y?
12
What is the remainder when (-62)/(-10) - 4/(-5) is divided by 2?
1
Let u(f) = 2*f**2 + 4*f + 7. What is the remainder when u(-6) is divided by 14?
13
Let l(u) = 7*u**2 - u + 5. Calculate the remainder when l(4) 